 z(l) = 2*l + 9. Let w be z(d). Let b = w + 7. List the prime factors of b.
2, 3
Suppose -4*w + w - 105 = 5*h, 2*h + 42 = -w. Let z be (-28)/h - 28/3. Let r(p) = p**3 + 8*p**2 - 12*p + 16. What are the prime factors of r(z)?
2, 7
Let z(c) = -c**2 - 12*c - 23. Let k be z(-3). What are the prime factors of 2310/k - (-5)/10?
2, 17
Let y be ((-1)/(-2))/((-38)/(-3420)). Let s be ((-954)/45)/((-4)/10). Let h = s - y. List the prime factors of h.
2
Let m = -48608 - -78501. List the prime factors of m.
167, 179
Suppose -3*u = -7*u - 20. Let i(w) = 9 - 15*w + 12 - 7. List the prime factors of i(u).
89
Suppose -110 - 106 = 12*d. List the prime factors of (-102)/d*(2 - -34)/4.
3, 17
List the prime factors of 1681/(-3)*(-237 + 231).
2, 41
Let g(v) = -v**3 + 8*v**2 + v + 4. Let n be g(8). Suppose -5*j - n = -6*j. Suppose -25*h = -21*h - j. What are the prime factors of h?
3
Suppose -5*z - 582088 = -16*z - 65506. What are the prime factors of z?
2, 3, 2609
Let q(h) be the second derivative of 28*h**3/3 + 123*h**2/2 + 6*h - 8. List the prime factors of q(8).
571
Let h = 17660 - 11929. What are the prime factors of h?
11, 521
What are the prime factors of ((1*524)/2)/((-40)/3300*-15)?
11, 131
Let i(j) = 3*j - 247. Let x(q) = q**3 - 7*q**2 - 12*q + 32. Let r be x(8). Let v be i(r). Let o = -73 - v. What are the prime factors of o?
2, 3, 29
Suppose -26 = 9*w - 26. Suppose w = 39*c - 5628 - 10089. What are the prime factors of c?
13, 31
Let s = 24 + -20. Suppose -2*d + 6 = -s*d. What are the prime factors of ((-82)/d)/(1/3)?
2, 41
Let f(b) = 137*b - 7. Let j be f(5). Suppose -3*l = -165 - j. Let z = 403 - l. What are the prime factors of z?
2, 61
Let k = -19131 - -29177. What are the prime factors of k?
2, 5023
Let l(x) = -x**3 - 5*x**2 - 3*x + 7. Let v be l(-4). Suppose v*p - 4*p + 8 = 0. What are the prime factors of p?
2
Suppose 0*z - 3*s - 4995 = -5*z, s = -z + 1007. What are the prime factors of z?
2, 3, 167
Let b(p) = 561*p**3 - 4*p**2 - p + 6. Let r be b(-3). List the prime factors of r/(-90)*(-5)/(-3).
281
Suppose 0 = 15*i - i + 56. Let m(o) = o**2 - 8*o + 2. Let p(y) = 9*y - 2. Let k(q) = 7*m(q) + 6*p(q). List the prime factors of k(i).
2, 61
Let v(b) = 2*b**3 + 48*b**2 - 20*b - 33. Let y be v(-24). Let s = y + -189. List the prime factors of s.
2, 3, 43
Let y(i) = 631*i**2 + 173*i + 1286. What are the prime factors of y(-7)?
2, 15497
Let t(j) = 6883*j**2 + 5*j + 6. List the prime factors of t(-1).
2, 1721
Let x(p) = 14*p**3 + 3*p**2 + 34*p - 51. List the prime factors of x(13).
2, 3, 1319
Suppose -x = -4*w + 81865, 3007*w - 3002*w + 2*x = 102315. What are the prime factors of w?
5, 4093
Let s = 1075 - 1870. Let o = s - -1955. List the prime factors of o.
2, 5, 29
Suppose -2*m = -6587 - 3283. Suppose -78*n + m = -71*n. What are the prime factors of n?
3, 5, 47
Suppose 14268432 - 236955 = 313*h. List the prime factors of h.
3, 17, 293
Let h(x) = 60*x**3 + 2*x**2 - 3*x + 1. Suppose 13 = 4*r + 9*r. List the prime factors of h(r).
2, 3, 5
Let d(w) = -23*w + 24. Let u(g) = g**3 - 4*g**2 - 2*g + 2. Suppose 9*o = 4*o + 20. Let s be u(o). List the prime factors of d(s).
2, 3
Suppose -17*f = -19*f + 10. Suppose 0 = n - f*o - 69, -3*o - o = -n + 74. Suppose n + 381 = 5*z. List the prime factors of z.
5, 19
Let w(m) = 3317*m**2 - 1099*m - 2200. What are the prime factors of w(-2)?
2, 3, 11, 67
Let q(n) = 200*n**3 - 2*n**2 + n + 1. Let s be q(1). Let g = s - -421. List the prime factors of g.
3, 23
Suppose -4*f - 2*v + 44897 = -109839, f = -v + 38682. List the prime factors of f.
2, 23, 29
Suppose g - 5*g = -160. Let s = g - 50. What are the prime factors of 36/10*(-150)/s?
2, 3
Let z be ((-24)/(-16))/(2/8*1). List the prime factors of ((-582)/8)/((-1)/16*z).
2, 97
Suppose 72*y - 894711 - 2075835 = 21*y. List the prime factors of y.
2, 29123
Suppose -3*n + 62 = 2*j, -5*j = 2*n - 9 - 36. Suppose 24*q - 3852 = n*q. What are the prime factors of q?
3, 107
Suppose 3*k - 9 = 0, 3*k + 636 + 504 = -3*y. Let q = y - -725. What are the prime factors of q?
2, 3, 19
Suppose 0 = 5*h + a - 382, -5*h + 2*a = -0*h - 391. Let l = h - 61. What are the prime factors of (-203)/(-14)*3*l/3?
2, 29
Let c(k) = 24*k**2 - k. Let l be c(-1). Suppose 0 = 4*m - 11 - l. Suppose m*q + 49 = 1300. List the prime factors of q.
139
Suppose -5*q + 8*g + 37276 = 0, -2*q + 64*g - 63*g = -14917. What are the prime factors of q?
2, 5, 373
Let w(o) = o**3 - o**2 + 3. Let f(b) be the third derivative of b**4/6 - b**3 - 18*b**2. Let n be f(2). What are the prime factors of w(n)?
7
Let d(y) = -14*y**3 - 15*y - 31. Let p be d(-2). Suppose p*w - 116*w = -2140. What are the prime factors of w?
2, 107
Let i(j) be the third derivative of j**4/3 + 23*j**3/3 - 4*j**2. Suppose 3*n = 3*p + 17 - 2, n - 13 = -3*p. List the prime factors of i(n).
2, 3, 17
Let o = 29889 + -9103. List the prime factors of o.
2, 19, 547
Suppose -q - 2*y = 35, 5*y - 35 = q + y. Let s = q + 31. Let g = s + 25. What are the prime factors of g?
3, 7
Suppose 0*m + s = 5*m + 1762, 5*s = m + 338. Let j(b) = -22*b**3 - 5*b**2 - 9*b - 5. Let w be j(-3). Let c = m + w. List the prime factors of c.
2, 109
Suppose 198 = -2*o - 240. Let r be 2 + -2 + (o - 7). Let d = r - -430. List the prime factors of d.
2, 3, 17
Let l(d) = 8*d + 23. Let f(a) = 6*a + 23. Let y(b) = -6*f(b) + 7*l(b). What are the prime factors of y(6)?
11, 13
Let r = 14032 - 7007. List the prime factors of r.
5, 281
Let q(c) = -7*c + 20. Let z = -50 + 52. Let w be ((-2)/(-5))/((-3)/90*z). List the prime factors of q(w).
2, 31
Let d(t) = 71*t**2 - 5*t + 3. Suppose 0 = 7*g - 10*g - 2*o + 6, 3*g + 4*o - 6 = 0. Suppose 5 = v + 4*x, -3*v - 2*x + 3 = -g. What are the prime factors of d(v)?
3, 23
Suppose 2*g + 14*g + 10144 = 0. Let c = g - -1581. What are the prime factors of c?
947
Let l(s) = -6*s - 142. Let v be l(-24). Suppose v*b + 703 = 5*r, 5*b = -6 - 14. List the prime factors of r.
139
Suppose -10*v + 13*v = -45. Let t = v - -40. Suppose 0 = 2*c - 9 - t. What are the prime factors of c?
17
What are the prime factors of (-226)/2373*(-1 - 20)*16621/2?
11, 1511
Let q = -271 - -275. Suppose 0 = 3*b - 5*z - 1898 - 810, -1802 = -2*b + q*z. List the prime factors of b.
911
Let o be 50 - (-4)/(-6)*6*1. Let t = 95 - o. List the prime factors of t.
7
Let s(n) = 27*n - 843. Let m(i) = 14*i - 422. Let r(o) = 5*m(o) - 3*s(o). List the prime factors of r(-47).
2, 3, 13
Suppose 22*l = 16*l - 918. Let f = l + 378. List the prime factors of f.
3, 5
Suppose -814 = -27*r + 806. Suppose -65*z + 4315 = -r*z. List the prime factors of z.
863
Let r = 170 - 169. List the prime factors of (r - -6) + -3 - -313.
317
Let g = -924 - -644. Let u = -187 - g. List the prime factors of u.
3, 31
Let g(x) = -2824*x - 1132. What are the prime factors of g(-4)?
2, 3, 7, 11
Let a be 2/4 + (-12)/24. Suppose t - 181 = -3*v, a = 5*t - v - 952 + 95. List the prime factors of t.
2, 43
Let l(r) = -r**3 + 3*r**2 + 4*r + 10. Let s be l(-3). Suppose 3*f - 107 - s = 0. What are the prime factors of f?
53
Suppose 42*l = 47*l. Suppose 3*j - 4362 = -3*f, l = -9*j + 11*j - 2*f - 2908. List the prime factors of j.
2, 727
Let a = 4784 + 6395. List the prime factors of a.
7, 1597
Let g be (-1 - -1)*1/(-9)*3. Suppose -18*c + 4931 - 629 = g. What are the prime factors of c?
239
Suppose 0 = -21*m + 11659 + 30551. List the prime factors of m.
2, 3, 5, 67
Let x(u) = -u + 2*u + 190 + u + 19*u + u. What are the prime factors of x(43)?
2, 71
Let i be 8 + (3 - (-18 - 2)/(-4)). Suppose -2*y = -3*m - 958, -1427 = -i*y + 3*y + 2*m. Suppose 1161 - y = 4*v. List the prime factors of v.
2, 43
Let a(w) = -7*w**3 - 12*w**2 - 5*w - 9. Let b be a(-9). Suppose 15 = 5*m, -5*f + 4*m + 11025 = b. What are the prime factors of f?
2, 3, 229
Let h = 51 - 47. Suppose 7*o = h*o - 3. Let q = o - -18. List the prime factors of q.
17
List the prime factors of (-15)/(60/(-54968)) + 17.
13759
Let q(g) be the first derivative of 61*g**4/4 + g**3 - 7*g**2/2 + 7*g + 86. What are the prime factors of q(2)?
17, 29
Let c = 13080 - -4574. List the prime factors of c.
2, 7, 13, 97
Let i(n) = 6*n**3 + 2*n**2 + 4*n - 27. Let r be i(5). Let q = -1173 + r. Let a = 573 + q. List the prime factors of a.
193
Suppose -2*c + 7 = 2*c + 5*m, -5*m - 14 = -3*c. Suppose 0 = -5*f + 4*v -